*q - 20 + 72. What is the remainder when p is divided by q?
10
Suppose -21 = -2*t - t. Let q(z) = -z**3 + 7*z**2 + 2*z + 9. Calculate the remainder when q(t) is divided by 12.
11
Let y = 194 - 112. Calculate the remainder when y is divided by 21.
19
Let n(o) = 4*o - 2. Let h be ((-28)/(-8))/((-2)/4). Let t(k) = -k**2 - 11*k + 1. Calculate the remainder when t(h) is divided by n(3).
9
Suppose -18 = -5*j - 8. Let u be j*(3 - (-21)/(-6)). Calculate the remainder when (-1)/u + -4 + 8 is divided by 2.
1
Let q(u) = -u + 6. Calculate the remainder when q(0) is divided by 3.
0
Suppose -3*b = -20 - 46. Let c = b - 2. What is the remainder when c is divided by (-1 + -2)*(-22)/6?
9
Let v(c) = -41*c - 4. Let w(d) = -10*d - 1. Let f(k) = 2*v(k) - 9*w(k). Let r be f(3). Let q = -11 + r. What is the remainder when 40 is divided by q?
12
Suppose 6*r - 64 = 2*r. Let j = r + -2. Suppose 2*x = 13 - 3. What is the remainder when j is divided by x?
4
Let c(x) = 2*x**2 - 5*x - 1. Let o be 0/(1 + 1 + -4). Suppose o*l = l - 4. What is the remainder when 21 is divided by c(l)?
10
Suppose -3*p + 0*p - 4*z = -200, 4*z = 2*p - 120. What is the remainder when p is divided by 22?
20
Let g = -4 - -34. Calculate the remainder when g is divided by 6.
0
Suppose 2*i + 3*i - 70 = 5*q, -4*q = -5*i + 68. What is the remainder when i is divided by 5?
2
Suppose 17*b - 16*b - 23 = 0. Calculate the remainder when b is divided by 9.
5
Suppose 5*w = 58 + 177. Calculate the remainder when w is divided by 24.
23
Suppose 0 = 6*f - 2*f + 24. Let c = 17 + f. What is the remainder when 21 is divided by c?
10
Let h = -7 + 11. Let n be (1 + (-19)/h)*-8. Let o = n - 16. What is the remainder when 40 is divided by o?
12
Let t(p) = -p**2 - 9*p + 10. Calculate the remainder when 120 is divided by t(-8).
12
Suppose -28*w - 72 = -32*w. Calculate the remainder when 33 is divided by w.
15
Let l(f) = -f + 6. Calculate the remainder when 34 is divided by l(-3).
7
Let m be 85 + 3/(6/4). Suppose -r - m = -4*r. Calculate the remainder when r is divided by 10.
9
Suppose 5*n = -3*x + 13, -6*n - x + 1 = -5*n. Suppose -n*d + u = -u - 35, 42 = 3*d + 3*u. Suppose -h = -17 - d. Calculate the remainder when h is divided by 14.
12
Let z = -13 + 24. Calculate the remainder when (-1 - -2)/(1/z) is divided by 6.
5
Let i = 8 + -6. Suppose i*o = -3*f - 2*f + 43, 3*o + f - 97 = 0. What is the remainder when o is divided by 9?
7
Let i = 99 + -58. Calculate the remainder when 79 is divided by i.
38
Let b = -6 - -8. Suppose 5*u - 38 = 2*x, 4*u = -4*x - 0*x + 8. Suppose v - u = -2. What is the remainder when v is divided by b?
0
Let s(a) = -a**2 + 51. Let j be s(0). Suppose -3*g + 5*v + j = 0, 0*g - v = -4*g + 68. What is the remainder when g is divided by 6?
5
Let u = -6 - -24. Let p = 2 + 31. What is the remainder when p is divided by u?
15
Let f(z) = -z**2 + 14*z + 32. What is the remainder when 49 is divided by f(15)?
15
Let z = 2 - -5. Suppose 10*w = 5*w + 100. Calculate the remainder when w is divided by z.
6
Let s(l) = 155*l**2 - 2*l - 1. What is the remainder when s(-1) is divided by 32?
28
Suppose -19 = -5*q - 4. Let x(o) = o**3 + 19*o**2 - 21*o - 15. Calculate the remainder when x(-20) is divided by q.
2
Suppose 3*a - 2*t - 228 = 0, -2*a + 5*t + 304 = 2*a. Calculate the remainder when a is divided by 20.
16
Suppose 4*x = 38 - 2. Let u(s) = 14*s**2 - 4*s + 17. Let l(q) = 5*q**2 - q + 6. Let d(b) = -11*l(b) + 4*u(b). What is the remainder when d(8) is divided by x?
8
Let y(d) = -5*d - 16. Calculate the remainder when 41 is divided by y(-8).
17
Let w = 11 - -1. What is the remainder when 71 is divided by w?
11
Let j = -29 - -44. Calculate the remainder when 44 is divided by j.
14
Suppose -3*j + 23 = -0*q - q, 2*j = -2*q + 26. Calculate the remainder when 17 is divided by j.
8
Let z = -27 + 15. Let f = -1 - z. Let x = 52 + -20. What is the remainder when x is divided by f?
10
Let k = 25 + 3. Suppose -4*r = -8 - k. Calculate the remainder when 32 is divided by r.
5
Let b = -2 - -5. Suppose -33 + b = -3*l. Calculate the remainder when l is divided by (-1 + -1)*(-2 + 0).
2
Let v be 8/6*42/(-4). Let x be ((-4)/(-2))/(4/v). Let d = x + 10. Calculate the remainder when d is divided by 2.
1
Suppose 2*d - 50 = -3*d. Suppose -31 = -3*b - 3*a - d, -5*b + a + 35 = 0. Calculate the remainder when (b*-1)/((-4)/8) is divided by 8.
6
Let b = -1 - -69. Calculate the remainder when b is divided by 23.
22
Suppose -5*h = -54 - 71. Calculate the remainder when h is divided by 7.
4
Let o = 6 + -3. Let m(n) = n**2 + 4*n - 2. What is the remainder when (-1 - 14/(-6))*27 is divided by m(o)?
17
Suppose 0 = 3*p - 69 + 12. Let g = 29 - p. Calculate the remainder when 55/2 - 2/(-4) is divided by g.
8
Let i(b) = 10*b - 11. What is the remainder when 24 is divided by i(2)?
6
Suppose -4*v + 3*v + 1 = 0. Let r = 3 - 2. What is the remainder when r is divided by v?
0
Let z = 7 - 5. Suppose m + 2*h = -2*m + 18, z*m = -4*h + 20. Suppose -5 - m = -3*n. Calculate the remainder when n is divided by 2.
1
Suppose -4*f + 13 = -3. Suppose -f*y + 17 + 3 = 0. Calculate the remainder when 14 is divided by y.
4
Let k be 4/((-1)/2 + 1). Let z = k - -3. Suppose -5*p = -4*s + 139, -9 = 2*p - 3. Calculate the remainder when s is divided by z.
9
Let l = 0 - -21. What is the remainder when l is divided by 5?
1
Let x(s) = -s**3 - 6*s**2 + 6*s - 7. Let f be x(-7). Suppose -2*h + h + 16 = f. Calculate the remainder when (94/4)/(1/2) is divided by h.
15
Let q = -86 + 187. Calculate the remainder when q is divided by 26.
23
Let y = -10 + 12. Calculate the remainder when y is divided by 2.
0
Let z(g) = -23*g - 74. What is the remainder when 127 is divided by z(-6)?
63
Let i(q) = -q**3 - 3*q**2 + 3*q. Calculate the remainder when 9 is divided by i(-4).
1
Suppose -16 = -3*o - 4. Suppose j = -o*j + 125. Calculate the remainder when j is divided by 9.
7
Let c be 6*(10/(-4) - 1). Let f(y) = 2*y**2 - 4*y + 2. Let h be f(4). Calculate the remainder when 11 is divided by (h/c)/(1/(-7)).
5
Let p(u) = 6*u - 55. Calculate the remainder when p(10) is divided by 3.
2
Let d(p) = -2*p**2 + 4*p**3 + 0*p**2 - 2*p**3 - 2 + 0*p**3. What is the remainder when 16 is divided by d(2)?
4
Let q(m) = -6*m - 6. Let t = 77 + -30. Suppose 78 + t = 5*f. What is the remainder when q(-9) is divided by f?
23
Let a = -7 + 16. Suppose a = q - t, 0 = 3*q - 0*t + t - 15. Suppose 0 = 4*u - 0*d + 2*d - 88, 4*u - 88 = -d. Calculate the remainder when u is divided by q.
4
Suppose 0*a + 2*a = 30. Let l = -5 - -13. What is the remainder when a is divided by l?
7
Suppose 0 = -2*f + 2*w + 16, -3*f = 2*w + 3*w + 8. Suppose -f*x + 35 = x. Suppose -2*q + x = 3. Calculate the remainder when 5 is divided by q.
1
Suppose p + 3 = 2*a, -a = -4*p + 2*p. Let i(s) = s**2 - 11*s - 3. What is the remainder when (3 - a)*25*1 is divided by i(12)?
7
Suppose -4*u = u, -c - u = -16. Calculate the remainder when c is divided by 6.
4
Suppose 6*d = -8*d + 98. Calculate the remainder when 94 is divided by d.
3
Let a(d) = d + 1. Let g be a(0). Suppose g - 2 = -z. What is the remainder when 37 is divided by (-26)/(-4)*2/z?
11
Let c(p) = 6*p - 5. Calculate the remainder when c(3) is divided by 4.
1
Let l(u) = -2*u + 6. Let h be 4 - (0 - (2 - 2)). Suppose -5*f + 15 = 3*m, -f + 5*m = -h - 27. Calculate the remainder when l(-5) is divided by f.
4
Let a(z) = 31*z - 3. Calculate the remainder when a(2) is divided by 15.
14
Let d = 16 - 3. What is the remainder when d is divided by 4?
1
Let b(k) = k**2 + 11*k + 18. Calculate the remainder when b(-17) is divided by 41.
38
Let r be 0/(1 - (0 - 0)). Suppose -u - 3*j = -r*u - 11, -5*j = 4*u - 44. Calculate the remainder when 21 is divided by u.
10
Let s be (-7)/(-3) + (-3)/9. Suppose -s*t = -0*t - 24. Let n(a) = a**2 + 4*a + 1. What is the remainder when n(-7) is divided by t?
10
Let h = 82 + -54. Let v = 4 + h. What is the remainder when v is divided by 11?
10
Let v(q) = -q**3 - 6*q**2 - 4. Let b be v(-6). Let l(d) = d**2 + d - 4. What is the remainder when 29 is divided by l(b)?
5
Let c be (24/4)/(2/(-5)). Let y = c + 28. Calculate the remainder when y is divided by (-10)/45 + 130/18.
6
Let r(k) = k**2 + 5*k + 7. Calculate the remainder when r(-6) is divided by 8 + (6/4)/((-3)/6).
3
Let h(j) = 5*j.